{"id":2,"date":"2024-01-16T22:15:13","date_gmt":"2024-01-16T21:15:13","guid":{"rendered":"https:\/\/installateurstarlink.com\/?page_id=2"},"modified":"2025-09-08T19:43:04","modified_gmt":"2025-09-08T17:43:04","slug":"page-d-exemple","status":"publish","type":"page","link":"https:\/\/installateurstarlink.com\/index.php\/page-d-exemple\/","title":{"rendered":"Forfait"},"content":{"rendered":"\n<p class=\"has-colibri-color-2-color has-text-color has-link-color has-large-font-size wp-elements-c409bb710c6b40bc3b3a66ad3e9709f6\">Forfait unique pour l&#8217;ensemble de l&#8217;installation :<br><strong>290\u20ac<\/strong><\/p>\n\n\n\n<p class=\"has-medium-font-size\"><strong>Ce forfait inclut l\u2019ensemble des prestations n\u00e9cessaires pour une installation cl\u00e9 en main, professionnelle et optimis\u00e9e. Voici <strong>ce qui est inclus<\/strong> :<\/strong><\/p>\n\n\n\n<p class=\"has-medium-font-size\"><\/p>\n\n\n\n<ul>\n<li><strong>\u00c9tude de faisabilit\u00e9<\/strong> : analyse pr\u00e9alable des conditions techniques et environnementales.<\/li>\n\n\n\n<li><strong>Optimisation de l\u2019emplacement<\/strong> : recherche du meilleur positionnement pour l\u2019antenne et le routeur.<\/li>\n\n\n\n<li><strong>Gaine de protection (optionnelle)<\/strong> : pose d\u2019une gaine (facultative, au choix<\/li>\n\n\n\n<li> du souscripteur), pour prot\u00e9ger le c\u00e2ble RJ45 Gen3 (15 m fournis avec le kit Starlink), puis tirage du c\u00e2ble (antenne \u2194 routeur).<\/li>\n\n\n\n<li><strong>Fixation de l\u2019antenne<\/strong> : installation du support Starlink (jusqu\u2019\u00e0 4 types de supports possibles selon l\u2019emplacement retenu).<\/li>\n\n\n\n<li><strong>Passage des c\u00e2bles<\/strong> : percement de mur si n\u00e9cessaire (jusqu\u2019\u00e0 40 cm).<\/li>\n\n\n\n<li><strong>\u00c9tanch\u00e9it\u00e9 et isolation<\/strong> : s\u00e9curisation des travers\u00e9es pour une installation durable.<\/li>\n\n\n\n<li><strong>Orientation et \u00e9talonnage<\/strong> : r\u00e9glages pr\u00e9cis de l\u2019antenne pour une r\u00e9ception optimale.<\/li>\n\n\n\n<li><strong>Param\u00e9trage du routeur Starlink<\/strong> :\n<ul>\n<li>installation et configuration de l\u2019application Starlink,<\/li>\n\n\n\n<li>cr\u00e9ation\/param\u00e9trage de l\u2019SSID Wi-Fi et du mot de passe,<\/li>\n\n\n\n<li>connexion des appareils (PC, TV, tablettes, smartphones).<\/li>\n<\/ul>\n<\/li>\n<\/ul>\n\n\n\n<p>Avec ce forfait, vous b\u00e9n\u00e9ficiez d\u2019une solution globale, r\u00e9alis\u00e9e avec soin et expertise, pour profiter pleinement de votre connexion Starlink.<\/p>\n\n\n\n<p><\/p>\n\n\n\n<hr class=\"wp-block-separator has-alpha-channel-opacity\"\/>\n\n\n\n<p><\/p>\n\n\n\n<figure class=\"wp-block-image size-full is-resized\"><img loading=\"lazy\" decoding=\"async\" width=\"1186\" height=\"667\" src=\"https:\/\/installateurstarlink.com\/wp-content\/uploads\/2025\/09\/sEoeyvUbZCESaRbMwNXGPi.jpg\" alt=\"\" class=\"wp-image-1154\" style=\"width:1234px;height:auto\" srcset=\"https:\/\/installateurstarlink.com\/wp-content\/uploads\/2025\/09\/sEoeyvUbZCESaRbMwNXGPi.jpg 1186w, https:\/\/installateurstarlink.com\/wp-content\/uploads\/2025\/09\/sEoeyvUbZCESaRbMwNXGPi-300x169.jpg 300w, https:\/\/installateurstarlink.com\/wp-content\/uploads\/2025\/09\/sEoeyvUbZCESaRbMwNXGPi-1024x576.jpg 1024w, https:\/\/installateurstarlink.com\/wp-content\/uploads\/2025\/09\/sEoeyvUbZCESaRbMwNXGPi-768x432.jpg 768w\" sizes=\"(max-width: 1186px) 100vw, 1186px\" \/><\/figure>\n\n\n\n<p id=\"block-36189d71-49d6-47b5-beac-97ae13b05f6e\"><strong>Technologie Starlink <\/strong>: Internet satellitaire \u00e0 tr\u00e8s haut d\u00e9bit id\u00e9al pour zones mal desservies, bas\u00e9 sur des satellites en orbite basse. Fourniture d&#8217;une connexion ultra rapide o\u00f9 que vous soyez.&nbsp;<strong>Le d\u00e9bit en t\u00e9l\u00e9chargement est en moyenne de 220 Mb\/s, et la vitesse en transfert (upload) jusqu&#8217;\u00e0 30 Mb\/s<\/strong>.<\/p>\n\n\n\n<p><\/p>\n\n\n\n<p><\/p>\n\n\n\n<p><strong>Mat\u00e9riel et Connexion<\/strong> : Installation de paraboles compactes plate, motoris\u00e9es (motorisation interne) et automatis\u00e9es pour la connexion \u00e0 Starlink. Nous offrons nos services d&#8217;installation d&#8217;antennes Starlink \u00e0 une client\u00e8le vari\u00e9e incluant des particuliers, artisans, PME, entreprises et collectivit\u00e9s. Starlink, le r\u00e9seau internet satellitaire innovant de SpaceX, est une solution de pointe pour l&#8217;acc\u00e8s au tr\u00e8s haut d\u00e9bit, en particulier dans les zones o\u00f9 les services traditionnels sont insuffisants.<\/p>\n\n\n\n<p><\/p>\n\n\n\n<p><\/p>\n\n\n\n<p><strong>Zone d&#8217;intervention : <\/strong>Elle s\u2019\u00e9tend sur un <strong>rayon d\u2019environ 20 km<\/strong> autour de <strong>Fr\u00e9jus \/ Saint-Rapha\u00ebl<\/strong>, en <strong>milieu urbain et rural<\/strong>.<br>Pour toute intervention <strong>au-del\u00e0 de ce p\u00e9rim\u00e8tre<\/strong>, dans le <strong>Var (83)<\/strong> et les <strong>Alpes-Maritimes (06)<\/strong>, un <strong>forfait de d\u00e9placement de 50 \u20ac<\/strong> est appliqu\u00e9.<\/p>\n\n\n\n<p><\/p>\n\n\n\n<p><\/p>\n\n\n\n<p class=\"has-medium-font-size\"><strong>D\u00e9lais d&#8217;intervention<\/strong> : Intervention <strong>en moins d\u2019une semaine<\/strong> apr\u00e8s r\u00e9ception du mat\u00e9riel (exp\u00e9di\u00e9 directement par <strong>Starlink Europe<\/strong>).<\/p>\n\n\n\n<p class=\"has-small-font-size\"><strong>Sp\u00e9cificit\u00e9<\/strong> : Nous ne repr\u00e9sentons pas la soci\u00e9t\u00e9 Starlink, nous proposons uniquement l\u2019installation de votre antenne et routeur ainsi que toute la configuration. Installation de mat\u00e9riel command\u00e9 chez Starlink.<\/p>\n","protected":false},"excerpt":{"rendered":"<p>Forfait unique pour l&#8217;ensemble de l&#8217;installation :290\u20ac Ce forfait inclut l\u2019ensemble des prestations n\u00e9cessaires pour une installation cl\u00e9 en main, professionnelle et optimis\u00e9e. Voici ce qui est inclus : Avec ce forfait, vous b\u00e9n\u00e9ficiez d\u2019une solution globale, r\u00e9alis\u00e9e avec soin et expertise, pour profiter pleinement de votre connexion Starlink. Technologie Starlink : Internet satellitaire \u00e0 [&hellip;]<\/p>\n","protected":false},"author":1,"featured_media":0,"parent":0,"menu_order":0,"comment_status":"closed","ping_status":"open","template":"","meta":{"footnotes":""},"_links":{"self":[{"href":"https:\/\/installateurstarlink.com\/index.php\/wp-json\/wp\/v2\/pages\/2"}],"collection":[{"href":"https:\/\/installateurstarlink.com\/index.php\/wp-json\/wp\/v2\/pages"}],"about":[{"href":"https:\/\/installateurstarlink.com\/index.php\/wp-json\/wp\/v2\/types\/page"}],"author":[{"embeddable":true,"href":"https:\/\/installateurstarlink.com\/index.php\/wp-json\/wp\/v2\/users\/1"}],"replies":[{"embeddable":true,"href":"https:\/\/installateurstarlink.com\/index.php\/wp-json\/wp\/v2\/comments?post=2"}],"version-history":[{"count":22,"href":"https:\/\/installateurstarlink.com\/index.php\/wp-json\/wp\/v2\/pages\/2\/revisions"}],"predecessor-version":[{"id":1157,"href":"https:\/\/installateurstarlink.com\/index.php\/wp-json\/wp\/v2\/pages\/2\/revisions\/1157"}],"wp:attachment":[{"href":"https:\/\/installateurstarlink.com\/index.php\/wp-json\/wp\/v2\/media?parent=2"}],"curies":[{"name":"wp","href":"https:\/\/api.w.org\/{rel}","templated":true}]}}