{"id":1138,"date":"2025-09-08T19:22:32","date_gmt":"2025-09-08T17:22:32","guid":{"rendered":"https:\/\/installateurstarlink.com\/?page_id=1138"},"modified":"2025-09-08T20:07:13","modified_gmt":"2025-09-08T18:07:13","slug":"options","status":"publish","type":"page","link":"https:\/\/installateurstarlink.com\/index.php\/options\/","title":{"rendered":"Options"},"content":{"rendered":"\n<div class=\"wp-block-media-text is-stacked-on-mobile\" style=\"grid-template-columns:34% auto\"><figure class=\"wp-block-media-text__media\"><img loading=\"lazy\" decoding=\"async\" width=\"738\" height=\"996\" src=\"https:\/\/installateurstarlink.com\/wp-content\/uploads\/2025\/09\/Capture-decran-2025-09-08-184509-1.png\" alt=\"\" class=\"wp-image-1140 size-full\" srcset=\"https:\/\/installateurstarlink.com\/wp-content\/uploads\/2025\/09\/Capture-decran-2025-09-08-184509-1.png 738w, https:\/\/installateurstarlink.com\/wp-content\/uploads\/2025\/09\/Capture-decran-2025-09-08-184509-1-222x300.png 222w\" sizes=\"(max-width: 738px) 100vw, 738px\" \/><\/figure><div class=\"wp-block-media-text__content\">\n<p style=\"font-size:18px\">Support \u00e0 poser : Kit de montage Starlink Gen 3 pour fa\u00eeti\u00e8re de toit + adaptateur de tube \u00e0 encoche d&#8217;antenne (poids non fourni (pav\u00e9 autobloquants ou dalle lourde)<\/p>\n<\/div><\/div>\n\n\n\n<hr class=\"wp-block-separator has-alpha-channel-opacity is-style-wide\"\/>\n\n\n\n<div class=\"wp-block-media-text is-stacked-on-mobile\" style=\"grid-template-columns:36% auto\"><figure class=\"wp-block-media-text__media\"><img loading=\"lazy\" decoding=\"async\" width=\"407\" height=\"368\" src=\"https:\/\/installateurstarlink.com\/wp-content\/uploads\/2025\/09\/Capture-decran-2025-09-08-184511.png\" alt=\"\" class=\"wp-image-1142 size-full\" srcset=\"https:\/\/installateurstarlink.com\/wp-content\/uploads\/2025\/09\/Capture-decran-2025-09-08-184511.png 407w, https:\/\/installateurstarlink.com\/wp-content\/uploads\/2025\/09\/Capture-decran-2025-09-08-184511-300x271.png 300w\" sizes=\"(max-width: 407px) 100vw, 407px\" \/><\/figure><div class=\"wp-block-media-text__content\">\n<p style=\"font-size:18px\">Support long : capable de d\u00e9passer les corniches larges + adaptateur de tube \u00e0 encoche d&#8217;antenne<\/p>\n<\/div><\/div>\n\n\n\n<hr class=\"wp-block-separator has-alpha-channel-opacity is-style-wide\"\/>\n\n\n\n<div class=\"wp-block-media-text is-stacked-on-mobile\" style=\"grid-template-columns:36% auto\"><figure class=\"wp-block-media-text__media\"><img loading=\"lazy\" decoding=\"async\" width=\"954\" height=\"809\" src=\"https:\/\/installateurstarlink.com\/wp-content\/uploads\/2025\/09\/Capture-decran-2025-09-08-184512.png\" alt=\"\" class=\"wp-image-1143 size-full\" srcset=\"https:\/\/installateurstarlink.com\/wp-content\/uploads\/2025\/09\/Capture-decran-2025-09-08-184512.png 954w, https:\/\/installateurstarlink.com\/wp-content\/uploads\/2025\/09\/Capture-decran-2025-09-08-184512-300x254.png 300w, https:\/\/installateurstarlink.com\/wp-content\/uploads\/2025\/09\/Capture-decran-2025-09-08-184512-768x651.png 768w\" sizes=\"(max-width: 954px) 100vw, 954px\" \/><\/figure><div class=\"wp-block-media-text__content\">\n<p style=\"font-size:18px\">Support mural classique + adaptateur de tube \u00e0 encoche d&#8217;antenne<\/p>\n<\/div><\/div>\n\n\n\n<hr class=\"wp-block-separator has-alpha-channel-opacity is-style-wide\"\/>\n\n\n\n<div class=\"wp-block-media-text is-stacked-on-mobile\" style=\"grid-template-columns:37% auto\"><figure class=\"wp-block-media-text__media\"><img loading=\"lazy\" decoding=\"async\" width=\"1024\" height=\"922\" src=\"https:\/\/installateurstarlink.com\/wp-content\/uploads\/2025\/09\/Capture-decran-2025-09-08-192531-1024x922.png\" alt=\"\" class=\"wp-image-1149 size-full\" srcset=\"https:\/\/installateurstarlink.com\/wp-content\/uploads\/2025\/09\/Capture-decran-2025-09-08-192531-1024x922.png 1024w, https:\/\/installateurstarlink.com\/wp-content\/uploads\/2025\/09\/Capture-decran-2025-09-08-192531-300x270.png 300w, https:\/\/installateurstarlink.com\/wp-content\/uploads\/2025\/09\/Capture-decran-2025-09-08-192531-768x691.png 768w, https:\/\/installateurstarlink.com\/wp-content\/uploads\/2025\/09\/Capture-decran-2025-09-08-192531.png 1099w\" sizes=\"(max-width: 1024px) 100vw, 1024px\" \/><\/figure><div class=\"wp-block-media-text__content\">\n<p style=\"font-size:18px\">Adaptateur \u00e0 encoche pour tube droit<\/p>\n<\/div><\/div>\n\n\n\n<hr class=\"wp-block-separator has-alpha-channel-opacity is-style-wide\"\/>\n\n\n\n<div class=\"wp-block-media-text is-stacked-on-mobile\" style=\"grid-template-columns:37% auto\"><figure class=\"wp-block-media-text__media\"><img loading=\"lazy\" decoding=\"async\" width=\"889\" height=\"836\" src=\"https:\/\/installateurstarlink.com\/wp-content\/uploads\/2025\/09\/Capture-decran-2025-09-08-184513.png\" alt=\"\" class=\"wp-image-1144 size-full\" srcset=\"https:\/\/installateurstarlink.com\/wp-content\/uploads\/2025\/09\/Capture-decran-2025-09-08-184513.png 889w, https:\/\/installateurstarlink.com\/wp-content\/uploads\/2025\/09\/Capture-decran-2025-09-08-184513-300x282.png 300w, https:\/\/installateurstarlink.com\/wp-content\/uploads\/2025\/09\/Capture-decran-2025-09-08-184513-768x722.png 768w\" sizes=\"(max-width: 889px) 100vw, 889px\" \/><\/figure><div class=\"wp-block-media-text__content\">\n<p style=\"font-size:18px\">R\u00e9p\u00e9teur CPL WIFI : TP-Link KIT Powerline WiFi Extender AC 1200 Mbps &#8211; Wifi + Port Ethernet (RJ45). Blanc.<\/p>\n<\/div><\/div>\n\n\n\n<hr class=\"wp-block-separator has-alpha-channel-opacity is-style-wide\"\/>\n\n\n\n<div class=\"wp-block-media-text is-stacked-on-mobile\" style=\"grid-template-columns:36% auto\"><figure class=\"wp-block-media-text__media\"><img loading=\"lazy\" decoding=\"async\" width=\"762\" height=\"702\" src=\"https:\/\/installateurstarlink.com\/wp-content\/uploads\/2025\/09\/Capture-decran-2025-09-08-192758.png\" alt=\"\" class=\"wp-image-1150 size-full\" srcset=\"https:\/\/installateurstarlink.com\/wp-content\/uploads\/2025\/09\/Capture-decran-2025-09-08-192758.png 762w, https:\/\/installateurstarlink.com\/wp-content\/uploads\/2025\/09\/Capture-decran-2025-09-08-192758-300x276.png 300w\" sizes=\"(max-width: 762px) 100vw, 762px\" \/><\/figure><div class=\"wp-block-media-text__content\">\n<p style=\"font-size:18px\">R\u00e9p\u00e9teur suppl\u00e9mentaire : TP-Link AV1000 Adaptateur avec Prise (1 Port Gigabit, Plug and Play, \u00e9conomie d&#8217;\u00e9nergie, Compatible avec Tous Les adaptateurs Powerline). Blanc.<\/p>\n<\/div><\/div>\n\n\n\n<hr class=\"wp-block-separator has-alpha-channel-opacity is-style-wide\"\/>\n\n\n\n<div class=\"wp-block-media-text is-stacked-on-mobile\" style=\"grid-template-columns:39% auto\"><figure class=\"wp-block-media-text__media\"><img loading=\"lazy\" decoding=\"async\" width=\"988\" height=\"989\" src=\"https:\/\/installateurstarlink.com\/wp-content\/uploads\/2025\/09\/Capture-decran-2025-09-08-192762.png\" alt=\"\" class=\"wp-image-1162 size-full\" srcset=\"https:\/\/installateurstarlink.com\/wp-content\/uploads\/2025\/09\/Capture-decran-2025-09-08-192762.png 988w, https:\/\/installateurstarlink.com\/wp-content\/uploads\/2025\/09\/Capture-decran-2025-09-08-192762-300x300.png 300w, https:\/\/installateurstarlink.com\/wp-content\/uploads\/2025\/09\/Capture-decran-2025-09-08-192762-150x150.png 150w, https:\/\/installateurstarlink.com\/wp-content\/uploads\/2025\/09\/Capture-decran-2025-09-08-192762-768x769.png 768w\" sizes=\"(max-width: 988px) 100vw, 988px\" \/><\/figure><div class=\"wp-block-media-text__content\">\n<p>R\u00e9p\u00e9teur Wifi 7  :<\/p>\n\n\n\n<p style=\"font-size:18px\">Ultra performant, WiFi 7 Mesh 9300 Mbps Tri-bande + 1 port 2.5 Gigabit<\/p>\n<\/div><\/div>\n\n\n\n<hr class=\"wp-block-separator has-alpha-channel-opacity\"\/>\n\n\n\n<div class=\"wp-block-media-text is-stacked-on-mobile\" style=\"grid-template-columns:24% auto\"><figure class=\"wp-block-media-text__media\"><img loading=\"lazy\" decoding=\"async\" width=\"381\" height=\"910\" src=\"https:\/\/installateurstarlink.com\/wp-content\/uploads\/2025\/09\/Capture-decran-2025-09-08-19253155.png\" alt=\"\" class=\"wp-image-1166 size-full\" srcset=\"https:\/\/installateurstarlink.com\/wp-content\/uploads\/2025\/09\/Capture-decran-2025-09-08-19253155.png 381w, https:\/\/installateurstarlink.com\/wp-content\/uploads\/2025\/09\/Capture-decran-2025-09-08-19253155-126x300.png 126w\" sizes=\"(max-width: 381px) 100vw, 381px\" \/><\/figure><div class=\"wp-block-media-text__content\">\n<p style=\"font-size:18px\">Point d&#8217;acces Wifi 6 Exterieur : Alimentation PoE, 1800Mbps, IP67, Port PoE Gigabit, Gestion Cloud Gratuite. Option r\u00e9p\u00e9teur WiFi Exterieur, s\u00e9curit\u00e9 WPA3<\/p>\n<\/div><\/div>\n\n\n\n<hr class=\"wp-block-separator has-alpha-channel-opacity is-style-wide\"\/>\n\n\n\n<div class=\"wp-block-media-text is-stacked-on-mobile\" style=\"grid-template-columns:37% auto\"><figure class=\"wp-block-media-text__media\"><img loading=\"lazy\" decoding=\"async\" width=\"1024\" height=\"909\" src=\"https:\/\/installateurstarlink.com\/wp-content\/uploads\/2025\/09\/Capture-decran-2025-09-08-184514-1024x909.png\" alt=\"\" class=\"wp-image-1147 size-full\" srcset=\"https:\/\/installateurstarlink.com\/wp-content\/uploads\/2025\/09\/Capture-decran-2025-09-08-184514-1024x909.png 1024w, https:\/\/installateurstarlink.com\/wp-content\/uploads\/2025\/09\/Capture-decran-2025-09-08-184514-300x266.png 300w, https:\/\/installateurstarlink.com\/wp-content\/uploads\/2025\/09\/Capture-decran-2025-09-08-184514-768x681.png 768w, https:\/\/installateurstarlink.com\/wp-content\/uploads\/2025\/09\/Capture-decran-2025-09-08-184514.png 1109w\" sizes=\"(max-width: 1024px) 100vw, 1024px\" \/><\/figure><div class=\"wp-block-media-text__content\">\n<p style=\"font-size:18px\">Support mural PVC pour Routeur et chargeur Starlink<\/p>\n<\/div><\/div>\n\n\n\n<hr class=\"wp-block-separator has-alpha-channel-opacity is-style-wide\"\/>\n\n\n\n<div class=\"wp-block-media-text is-stacked-on-mobile\" style=\"grid-template-columns:38% auto\"><figure class=\"wp-block-media-text__media\"><img loading=\"lazy\" decoding=\"async\" width=\"970\" height=\"872\" src=\"https:\/\/installateurstarlink.com\/wp-content\/uploads\/2025\/09\/Capture-decran-2025-09-08-184510.png\" alt=\"\" class=\"wp-image-1141 size-full\" srcset=\"https:\/\/installateurstarlink.com\/wp-content\/uploads\/2025\/09\/Capture-decran-2025-09-08-184510.png 970w, https:\/\/installateurstarlink.com\/wp-content\/uploads\/2025\/09\/Capture-decran-2025-09-08-184510-300x270.png 300w, https:\/\/installateurstarlink.com\/wp-content\/uploads\/2025\/09\/Capture-decran-2025-09-08-184510-768x690.png 768w\" sizes=\"(max-width: 970px) 100vw, 970px\" \/><\/figure><div class=\"wp-block-media-text__content\">\n<p style=\"font-size:18px\">Cable RJ45 Starlink Gen 3 de 40m<\/p>\n<\/div><\/div>\n\n\n\n<hr class=\"wp-block-separator has-alpha-channel-opacity\"\/>\n\n\n\n<div class=\"wp-block-media-text is-stacked-on-mobile\" style=\"grid-template-columns:40% auto\"><figure class=\"wp-block-media-text__media\"><img loading=\"lazy\" decoding=\"async\" width=\"1024\" height=\"941\" src=\"https:\/\/installateurstarlink.com\/wp-content\/uploads\/2025\/09\/Capture-decran-2025-09-08-184519-1024x941.png\" alt=\"\" class=\"wp-image-1165 size-full\" srcset=\"https:\/\/installateurstarlink.com\/wp-content\/uploads\/2025\/09\/Capture-decran-2025-09-08-184519-1024x941.png 1024w, https:\/\/installateurstarlink.com\/wp-content\/uploads\/2025\/09\/Capture-decran-2025-09-08-184519-300x276.png 300w, https:\/\/installateurstarlink.com\/wp-content\/uploads\/2025\/09\/Capture-decran-2025-09-08-184519-768x706.png 768w, https:\/\/installateurstarlink.com\/wp-content\/uploads\/2025\/09\/Capture-decran-2025-09-08-184519.png 1107w\" sizes=\"(max-width: 1024px) 100vw, 1024px\" \/><\/figure><div class=\"wp-block-media-text__content\">\n<p>Baie de brassage : Armoire r\u00e9seau \u2013 Rack 19 Pouces \u2013 9U \u2013 Montage Mural \u2013 Profondeur 450 mm \u2013 capacit\u00e9 de Charge 60 kg<\/p>\n<\/div><\/div>\n\n\n\n<hr class=\"wp-block-separator has-alpha-channel-opacity\"\/>\n\n\n\n<div class=\"wp-block-media-text is-stacked-on-mobile\" style=\"grid-template-columns:33% auto\"><figure class=\"wp-block-media-text__media\"><img loading=\"lazy\" decoding=\"async\" width=\"1024\" height=\"965\" src=\"https:\/\/installateurstarlink.com\/wp-content\/uploads\/2025\/09\/Capture-decran-2025-09-08-18451888-1024x965.png\" alt=\"\" class=\"wp-image-1169 size-full\" srcset=\"https:\/\/installateurstarlink.com\/wp-content\/uploads\/2025\/09\/Capture-decran-2025-09-08-18451888-1024x965.png 1024w, https:\/\/installateurstarlink.com\/wp-content\/uploads\/2025\/09\/Capture-decran-2025-09-08-18451888-300x283.png 300w, https:\/\/installateurstarlink.com\/wp-content\/uploads\/2025\/09\/Capture-decran-2025-09-08-18451888-768x723.png 768w, https:\/\/installateurstarlink.com\/wp-content\/uploads\/2025\/09\/Capture-decran-2025-09-08-18451888.png 1051w\" sizes=\"(max-width: 1024px) 100vw, 1024px\" \/><\/figure><div class=\"wp-block-media-text__content\">\n<p style=\"font-size:18px\">Prise\/Parafoudre : Eaton Protection &#8211; prise FR &#8211; Blanc<\/p>\n<\/div><\/div>\n\n\n\n<hr class=\"wp-block-separator has-alpha-channel-opacity\"\/>\n\n\n\n<div class=\"wp-block-media-text is-stacked-on-mobile\" style=\"grid-template-columns:35% auto\"><figure class=\"wp-block-media-text__media\"><img loading=\"lazy\" decoding=\"async\" width=\"410\" height=\"494\" src=\"https:\/\/installateurstarlink.com\/wp-content\/uploads\/2025\/09\/Capture-decran-2025-09-08-18451254454.png\" alt=\"\" class=\"wp-image-1170 size-full\" srcset=\"https:\/\/installateurstarlink.com\/wp-content\/uploads\/2025\/09\/Capture-decran-2025-09-08-18451254454.png 410w, https:\/\/installateurstarlink.com\/wp-content\/uploads\/2025\/09\/Capture-decran-2025-09-08-18451254454-249x300.png 249w\" sizes=\"(max-width: 410px) 100vw, 410px\" \/><\/figure><div class=\"wp-block-media-text__content\">\n<p style=\"font-size:18px\">Onduleur Puissance 650VA : (4 prises FR, Parasurtenseur, Batterie, Protection T\u00e9l\u00e9phone \/ Box \/ TV&#8230; Noir<\/p>\n<\/div><\/div>\n","protected":false},"excerpt":{"rendered":"<p>Support \u00e0 poser : Kit de montage Starlink Gen 3 pour fa\u00eeti\u00e8re de toit + adaptateur de tube \u00e0 encoche d&#8217;antenne (poids non fourni (pav\u00e9 autobloquants ou dalle lourde) Support long : capable de d\u00e9passer les corniches larges + adaptateur de tube \u00e0 encoche d&#8217;antenne Support mural classique + adaptateur de tube \u00e0 encoche d&#8217;antenne [&hellip;]<\/p>\n","protected":false},"author":1,"featured_media":0,"parent":0,"menu_order":0,"comment_status":"closed","ping_status":"closed","template":"","meta":{"footnotes":""},"_links":{"self":[{"href":"https:\/\/installateurstarlink.com\/index.php\/wp-json\/wp\/v2\/pages\/1138"}],"collection":[{"href":"https:\/\/installateurstarlink.com\/index.php\/wp-json\/wp\/v2\/pages"}],"about":[{"href":"https:\/\/installateurstarlink.com\/index.php\/wp-json\/wp\/v2\/types\/page"}],"author":[{"embeddable":true,"href":"https:\/\/installateurstarlink.com\/index.php\/wp-json\/wp\/v2\/users\/1"}],"replies":[{"embeddable":true,"href":"https:\/\/installateurstarlink.com\/index.php\/wp-json\/wp\/v2\/comments?post=1138"}],"version-history":[{"count":10,"href":"https:\/\/installateurstarlink.com\/index.php\/wp-json\/wp\/v2\/pages\/1138\/revisions"}],"predecessor-version":[{"id":1171,"href":"https:\/\/installateurstarlink.com\/index.php\/wp-json\/wp\/v2\/pages\/1138\/revisions\/1171"}],"wp:attachment":[{"href":"https:\/\/installateurstarlink.com\/index.php\/wp-json\/wp\/v2\/media?parent=1138"}],"curies":[{"name":"wp","href":"https:\/\/api.w.org\/{rel}","templated":true}]}}